1 is divided by m.
8
Let d(y) = 5*y**2 + 9*y - 41. Let m(u) = -3*u**2 - 5*u + 20. Let a(p) = -4*d(p) - 7*m(p). What is the remainder when a(0) is divided by (-345)/(-27) + 2/9?
11
Suppose 182 = 3*o + 2*g, o - 38 - 23 = -g. What is the remainder when o is divided by 16?
12
Suppose 0 = -2*j + 5*z + 25, -36 + 104 = 4*j - 4*z. Calculate the remainder when 99 is divided by j.
19
Suppose -79 = -5*a + 21. Suppose q - a = d, -3*q + q + 25 = d. Suppose 295 = -2*p + 7*p. Calculate the remainder when p is divided by q.
14
Suppose 0*n = -3*n + 24. Suppose 0 = r + 1 - 16. Suppose -5*v + r = -2*t, 5*v + 3*t - t = 35. What is the remainder when n is divided by v?
3
Suppose 5*q - 95 = -4*t, -t - 3*t - 40 = -4*q. Suppose -j = 4*m - 23, q = -j - 2*j. Let u = 19 - m. What is the remainder when 34 is divided by u?
10
What is the remainder when 29 is divided by (12/16)/(1/20)?
14
Let m(g) = 15*g. Let b be m(1). What is the remainder when 18 is divided by 147/b - 3/(-15)?
8
Suppose 0 = -2*a + a + 21. Let m(t) = t - 5. Let j be m(6). Let s = a - j. Calculate the remainder when s is divided by 7.
6
Calculate the remainder when 72 + (-2 - -2) - 4 is divided by 18.
14
Calculate the remainder when (3 - 189)*(-4)/(-1 + 13) is divided by 13.
10
Let n(a) = -8*a + 8. Let v be n(-6). Suppose 0*s - 4*s = -v. Suppose -5*o = 4*r - 25, 3*o + 0*r = -r + 15. What is the remainder when s is divided by o?
4
Suppose 3*h = -4*r + 35, 0 = 3*h - h + 6. Suppose -m - 9 = -4*m. Suppose -m*g = -129 + 33. What is the remainder when g is divided by r?
10
Let f = 4 + -1. Suppose -q + w = -10, -w + 22 + 16 = f*q. Let u(k) = k**3 + 35. What is the remainder when u(0) is divided by q?
11
Let n = -3 - -7. Suppose 2*m = 5*f + 69, 0*m - n*m - f = -149. Calculate the remainder when m is divided by 13.
11
Suppose 4*m = -3*z + 117, 0 = 2*z + 5*m - 2 - 69. Calculate the remainder when z is divided by 11.
10
Let t = 3 + -1. Suppose 4*j = 2*s + 134, -5*j + t*s + 167 = -s. Calculate the remainder when j is divided by 12.
10
Let r = 15 - 12. Calculate the remainder when 2*(-24)/(-1) - r is divided by 23.
22
Suppose 3*d + 2*d + 121 = 2*j, 5*d = 5*j - 310. Suppose n = 3*b + 6*n - j, 0 = -2*b - n + 35. Calculate the remainder when b is divided by 6.
4
What is the remainder when (-555)/(-60) + (-3)/(-4) is divided by 3?
1
Let u(x) = -5*x**2 - 3*x + 10. Let o(t) = 0 + 1 - t - 5*t**2 + 4*t**2. Let v(c) = -6*o(c) + u(c). Calculate the remainder when 11 is divided by v(-3).
3
Calculate the remainder when 49 is divided by 10 + 2 + (-1 - -2).
10
What is the remainder when 1 + 2 + 42 + -6 is divided by 14?
11
Let z = -3 + 5. Suppose -z*b + 130 = 3*b. Suppose -4*i - b = -78. Calculate the remainder when i is divided by 7.
6
Let a(v) = -v**2 - 6*v + 3. What is the remainder when 81 is divided by a(-3)?
9
Suppose 11 - 1 = 2*v + 4*j, j - 1 = 0. Suppose v*d - 2*d = 6. What is the remainder when 10 is divided by d?
4
Suppose -2*r = 3*r - 200. Suppose q = 4*z + 2, 0*q - 37 = -2*q - 3*z. What is the remainder when r is divided by q?
12
Suppose 3*a - 6 = 81. Let n be 54/4*2/3. Suppose 39 - n = 2*t. What is the remainder when a is divided by t?
14
What is the remainder when 3 + -19*(-30)/5 is divided by 24?
21
Suppose -8*t = -6*t - 16. Let q = -15 - -30. Calculate the remainder when q is divided by t.
7
Let h = -28 - -39. Calculate the remainder when 19 is divided by h.
8
Let i(w) = w**3 - 2*w**2 + 7*w - 6. Calculate the remainder when i(4) is divided by 14.
12
Suppose -q + 17 - 2 = 0. Let j = 14 - 8. Calculate the remainder when (-104)/(-10) - 6/q is divided by j.
4
Let c = 3 - 5. Let y be (-5 + 2)/((-3)/c). What is the remainder when 16 is divided by 6*y/(-2 - 0)?
4
Suppose 0*s - 3 = -s. Suppose -2*n = -11 + s. What is the remainder when n is divided by (2 - (0 - 2)) + -2?
0
Calculate the remainder when (-4)/3 + 1 - (-8897)/123 is divided by 20.
12
Calculate the remainder when 85 is divided by 8*5/10 + 18.
19
Let m(k) = -3*k - 17. What is the remainder when m(-10) is divided by (-15)/(-2) - 3/6?
6
Let i(l) = l**3 - 3*l**2 - 4*l - 5. Let c(j) = j + 10. Let t be c(-5). Let v be i(t). Calculate the remainder when (-70)/4*(-20)/v is divided by 5.
4
Suppose -18 = -0*c - 3*c. What is the remainder when 18 + (-2 - (-2)/2) is divided by c?
5
Let u = -8 - -10. What is the remainder when 6 is divided by u?
0
Let l be (665/(-14))/(2/4). Calculate the remainder when 73 is divided by l/(-15)*9/3.
16
Let a(b) = b + 3. Let l(r) = 5*r + 6. Let h be l(8). Let g be h/6 - 9/(-27). What is the remainder when a(g) is divided by 6?
5
Let w(b) = 249*b**2 + 5*b + 6. Calculate the remainder when w(-1) is divided by 12.
10
Suppose 6*d = 5*d + 3*o + 21, -7 = -2*d - o. Calculate the remainder when 10 is divided by d.
4
Suppose 10*v + 61 = 261. What is the remainder when v is divided by 11?
9
Suppose -12*f = -7*f - 420. What is the remainder when f is divided by 29?
26
Suppose -144 = -72*v + 68*v. Calculate the remainder when v is divided by 8.
4
Let x(r) = r**3 - 3*r**2 + 3*r - 4. Let n be x(3). Let k(q) = -9*q**3 + q. Calculate the remainder when k(-1) is divided by 2/(-6)*n*-3.
3
Let d be (2 - 15/6)*-6. Suppose 4*o = -5*u + 40, u - d*o + 2*o + 1 = 0. Calculate the remainder when 6 is divided by u.
2
Suppose -5*y + 18 = 3. Suppose y*k = -k + 68. Suppose -59 = -3*v + 2*j - k, 2*j = 0. What is the remainder when 55 is divided by v?
13
Suppose a + a - 2 = 0. Let m be a/(3/(-45)*-3). Suppose 19 = -m*x + 69. What is the remainder when 18 is divided by x?
8
Let o = -4 - -14. Let k(t) = 12*t - 10. What is the remainder when k(4) is divided by o?
8
Let q(c) = -15*c - 1. Calculate the remainder when q(-4) is divided by (-2 + 4 - -3)*3.
14
Let j(z) = -8*z - 2. Let f be 0 - (2 - 4) - -1. Let d = f + -9. What is the remainder when j(d) is divided by 16?
14
Let k(x) = -28*x + 1. Suppose 0 = 3*r + 4 - 1. Let p = 34 + -19. Calculate the remainder when k(r) is divided by p.
14
Suppose -2*z = z - 6. Let a = 2 - 0. Suppose -5*r + 12 = a. What is the remainder when z is divided by r?
0
Suppose 0 = 5*h - 5*r + 4 - 229, 0 = 4*h - 2*r - 172. What is the remainder when h is divided by 15?
11
Let x(q) = -q**3 + 5*q**2 + 2*q + 3. What is the remainder when 498/14 + (-24)/42 is divided by x(5)?
9
Suppose -4*w - 12 = 0, 0 = 2*x - 3*x + 3*w + 41. Calculate the remainder when 122 is divided by x.
26
Let k(w) = w**2 + 3*w - 36. Suppose -5*n = -84 - 91. Calculate the remainder when n is divided by k(6).
17
Let j = 63 - 45. Let y be 5/2*174/15. Let a = y - j. Calculate the remainder when a is divided by 4.
3
Let s(v) = -v**3 - 19*v**2 - 17*v + 36. What is the remainder when 45 is divided by s(-18)?
9
Calculate the remainder when 57 is divided by 5/(-3*4/(-36)).
12
Let b = -4 - -12. What is the remainder when (-23)/(-3*1 - -2) is divided by b?
7
Let w be (6/9*-6)/(-1). Calculate the remainder when (-49)/(-2) + 6/w is divided by 9.
8
Let l(w) = -w**3 + 5*w**2 - w - 4. Suppose -4*n + 6*h - 4*h = -26, -n - 2*h = 6. What is the remainder when 15 is divided by l(n)?
7
Suppose 18*g + 249 - 717 = 0. What is the remainder when 1*(-32*8)/(-2) is divided by g?
24
Let r(a) = 28*a + 1. What is the remainder when r(1) is divided by (64/(-12))/((-38)/57)?
5
Suppose -8*r + 9*r = -15. Let f = r + 24. Calculate the remainder when f is divided by (-1)/(1/(5*-1)).
4
Suppose -4*h = 2 - 26. What is the remainder when h is divided by 4/10 - 152/(-95)?
0
Suppose b + 3 = 2*b. Let j(u) = -2*u + 4. Let i be j(b). Let v = i + 18. What is the remainder when v is divided by 9?
7
Calculate the remainder when 37 is divided by 1*3 + (2 - -15).
17
Suppose 18 = b + 6. What is the remainder when 33 is divided by b?
9
Suppose -6 = -2*d, -7*w - d = -5*w - 31. Let i = 11 - 6. What is the remainder when w is divided by i?
4
What is the remainder when (-8 + 3/3)*96/(-28) is divided by 6?
0
Let v = 12 + -5. Let u = v + 3. Suppose 13 + u = z + 2*m, -32 = -4*z + 4*m. What is the remainder when 36 is divided by z?
10
Let t(y) be the first derivative of y**4/2 - 4*y**3/3 + y**2/2 - 4*y + 1. Calculate the remainder when t(3) is divided by 130/14 + (-4)/14.
8
Calculate the remainder when 33/2 + 1 - (-69)/46 is divided by (-2)/((-9)/(-11) - 1).
8
Let c = 7 + -2. Suppose 23 + 15 = 5*w + v, 2*w = -c*v + 6. Calculate the remainde